of 21 and h.
7
Let y = 14 + -9. Suppose -y*k = 8*m - 4*m - 76, -5*k = 5*m - 80. Suppose 1 + k = b. What is the greatest common divisor of b and 143?
13
Let n(g) = g**3 + 5*g**2 + 2*g - 7. Suppose -i - 2 = -6, -3*i = -k - 17. Let y be n(k). Let c = 29 + y. What is the highest common divisor of 48 and c?
12
Let q = -33 - -73. Calculate the highest common divisor of 8 and q.
8
Suppose -112 = 4*a - 0. Let i = -12 - a. What is the highest common divisor of 32 and i?
16
Let z(r) = -7*r - 23. Let o be z(-9). What is the highest common factor of 5 and o?
5
Suppose x - 1 = 1. Suppose i - 15 = x. Calculate the greatest common factor of i and 187.
17
Let i be 1*18/(-4)*-10. What is the greatest common divisor of i and 27?
9
Let m = 125 + -55. Suppose 3 = 3*n - 39. Calculate the greatest common divisor of m and n.
14
Suppose 0 = 23*n - 19*n - 260. Suppose 0 = -4*l - 0*l + 52. What is the greatest common divisor of l and n?
13
Suppose -4*s + 3 = -4*n - 13, -2*s + 2 = -4*n. Let x be (s/(-2) - -3)*0. Suppose 0 = -d - x*d + 264. What is the highest common factor of d and 24?
24
Let s be ((-3)/(-2))/((-3)/24). Let v = 23 + s. Let b be (44/6)/((-2)/(-6)). Calculate the highest common divisor of v and b.
11
Suppose -2*o - 3 + 11 = v, 4*v - 58 = 5*o. What is the greatest common factor of v and 6?
6
Let v(f) = f + 9. Let h be v(-7). Let m be ((-12)/(-10))/((-2)/(-10)). Let s be (1/3)/(2/m). Calculate the greatest common divisor of h and s.
1
Suppose d + 97 = 2*d + 4*v, 5*d = 5*v + 610. Suppose 2*q - d = -q. What is the greatest common divisor of q and 13?
13
Suppose x + 4*x = z + 58, 4*z = -3*x + 44. Suppose 3*b - 36 = -5*v + 3*v, x = -3*b. Calculate the highest common factor of 8 and v.
8
Let f = -8 + 8. Suppose f = -b + 7 + 2. Let d be 71 + 3/6*2. Calculate the highest common divisor of d and b.
9
Suppose 0 = u + 11 - 96. Let n be 14/4*4 - -3. What is the greatest common factor of n and u?
17
Let l be 4/(-14) + (-186)/(-14). What is the greatest common divisor of l and 39?
13
Let u = 45 - 40. What is the highest common factor of u and 15?
5
Suppose 3*t + 695 = 7*y - 3*y, -180 = -y + 2*t. What is the greatest common factor of 34 and y?
34
Let j = 221 + -206. What is the greatest common factor of j and 60?
15
Let o be (-8)/6 + 710/15. Calculate the highest common divisor of o and 69.
23
Let n = -3 + 1. Let g be 4/n - 0 - -19. Let p be (g - (0 - 0)) + -2. What is the greatest common factor of p and 150?
15
Let k be (26/4)/((-1)/(-4)). Let q = k - 7. What is the greatest common divisor of q and 38?
19
Let x = 0 - -2. Let t be (-2 - (-4)/x)*1. Suppose t = -y + 8 - 0. Calculate the greatest common factor of 8 and y.
8
Suppose 222 - 42 = 2*w. Calculate the greatest common factor of w and 10.
10
Let n be 840/6 + 1*-1. Suppose -5*u + 3*b = -335, n = 3*u + b - 48. Calculate the greatest common factor of 8 and u.
8
Let k = 129 + 79. What is the greatest common divisor of 16 and k?
16
Let n(u) = 14*u + 7. Let r(q) = q**2 - 2*q - 3. Let a be r(-2). Let p be n(a). What is the highest common factor of 11 and p?
11
Let z(x) = -x**2 - 9*x - 3. Let i be z(-8). Let b(c) = 5*c + 5. Let t be b(4). Calculate the greatest common factor of t and i.
5
Suppose 8 - 4 = 4*i. Suppose -x + 2*x + 3*g = 30, -4*g - 56 = -4*x. Suppose x + 2 = 5*b. Calculate the greatest common divisor of b and i.
1
Suppose 4*d - 3 = 1. Suppose -5*s = d - 11. Let l = 4 - 3. What is the highest common divisor of l and s?
1
Suppose 28 = -i + 3*i. Suppose -2*y + 0*p = -4*p - i, 33 = 3*y - 2*p. What is the highest common factor of y and 13?
13
Suppose k + 3 = 2. Let b be k/(-2) - 22/(-4). Suppose 70 = -z + b*z. What is the greatest common divisor of 56 and z?
14
Suppose 2*f - 5*o = 7*f - 150, -f = -5*o - 60. Let i = -32 - -46. Calculate the highest common factor of i and f.
7
Suppose 2*i = 3*r + 16, -i = r + 3*r - 19. Let s = 4 - 3. What is the highest common factor of s and i?
1
Let y be ((-30)/(-20))/(1/2). Suppose 251 = y*w + 14. Suppose r = 3*o + w, 384 + 59 = 5*r + o. Calculate the greatest common divisor of 11 and r.
11
Let w be 255/2*2/3. Suppose 4*m - w = -m. Suppose 2*l - 21 = 13. Calculate the greatest common divisor of l and m.
17
Let k = 75 + -68. What is the highest common divisor of 1 and k?
1
Let z be (1 + 1 - 18)/(-1). Suppose -5*i = -i + 5*j - 551, 5*j = 5*i - 745. Calculate the greatest common divisor of i and z.
16
Let m be 4*(0/(4/(-4)) - -4). What is the highest common factor of m and 2?
2
Let g = 1 - -7. Let k(r) = -r**3 + 8*r**2 + 2*r - 8. Let t be k(g). Calculate the greatest common divisor of t and 88.
8
Let b be 10*(0 - 3/(-6)). Let r be 2/(-10) - (-91)/b. Let n be 1/2 - 178/(-4). Calculate the greatest common divisor of n and r.
9
Let i(b) = b**3 + 3*b**2 - 2*b + 5. Let d be i(-5). Suppose y = -y - 2*v - 54, -115 = 5*y + v. Let c = y - d. Calculate the highest common factor of 52 and c.
13
Suppose -4*g - 4*w + 16 = 0, w + 8 + 6 = 2*g. What is the greatest common divisor of 6 and g?
6
Let w be (3 - 2)*-1 + 20. What is the greatest common factor of 114 and w?
19
Let v be (-160)/(-20) - (-1 - -5). What is the greatest common divisor of 76 and v?
4
Let b = -4 - -9. What is the highest common divisor of 40 and b?
5
Suppose l - 9 = 2*g, -l = l + 5*g - 27. Calculate the greatest common factor of 55 and l.
11
Let k = -11 - -51. Calculate the highest common factor of 5 and k.
5
Let a be (-10)/(-3) - (-6)/9. Let f be 2/(-1)*10/a. Let v = 8 + f. Calculate the highest common divisor of v and 15.
3
Let c = -13 - -17. Suppose c*x = -q + 2*q - 1, q = x + 4. What is the greatest common divisor of q and 50?
5
Let d(u) = 4*u - 14. Let z be d(11). Let h = 0 - -5. Calculate the highest common divisor of z and h.
5
Let i(l) = -l**3 - 3*l**2 + 5*l - 7. Suppose 5*m = 2*w - 25, m - 3*w = 2*w - 5. Let t be i(m). What is the highest common factor of t and 90?
18
Suppose 2*b + 228 = 3*b. Suppose 6*w = w - 3*n + b, 5*n = -3*w + 140. Let d be (1 - (1 + -18))/2. What is the greatest common factor of d and w?
9
Let b = 52 - 28. Let i = -16 - -10. Let p be i*(-4*3 - -2). Calculate the greatest common factor of p and b.
12
Let v = 5 - 8. Let z be ((-10)/v)/(1/(-3)). Let m = z - -24. Calculate the greatest common divisor of m and 70.
14
Let u(f) = -31*f - 24. Let o be u(-10). Calculate the greatest common divisor of 26 and o.
26
Suppose -4*l + 302 - 14 = 0. Let r = 17 - 14. Suppose 33 = r*t + 6. Calculate the greatest common divisor of t and l.
9
Suppose -122 = -3*w - 2*u, 3*w - 152 = 3*u + u. Let v be 1312/w - (-2)/11. Let c = -54 + 129. Calculate the greatest common factor of v and c.
15
Let p = 343 + -188. Calculate the highest common factor of 31 and p.
31
Suppose -5*k = -5*s + 60, 1 + 7 = s - 3*k. Let m = 0 - -21. What is the greatest common factor of s and m?
7
Let l(q) = -4*q + 4. Let c be l(-3). What is the greatest common factor of 32 and c?
16
Suppose -2*z = -5*z + 24. Let f be z/(-6)*(-78)/4. Calculate the highest common factor of f and 39.
13
Let p = 12 + 12. Calculate the highest common factor of 24 and p.
24
Suppose 4*v - 2*v = 60. Let a(i) = i**2 - 3*i + 5. Let l be a(5). What is the greatest common divisor of v and l?
15
Suppose 3*k + v = 4*k - 63, 0 = -3*k - 3*v + 207. What is the greatest common divisor of 6 and k?
6
Let p(z) = -z**3 - 13*z**2 + 13*z + 12. Let f be p(-14). Calculate the greatest common factor of f and 2.
2
Let v = -4 + 7. Suppose -l + 37 = q, 6*l - 4*q = v*l + 83. Suppose -5*m + 13 + 2 = 0. Calculate the greatest common divisor of m and l.
3
Suppose -5*j + 53 - 18 = 0. What is the highest common divisor of 70 and j?
7
Let x be (-4)/(-14) + (-165)/(-35). Suppose a + 5 = -3*k - 5, 5*k = 3*a - 40. Let z be ((-2)/(-1))/(-3 - k). Calculate the highest common divisor of z and x.
1
Suppose -f + 2 = -3*n, 2*f + 2*n = -0*f + 28. Suppose 4*o = k - 5*k + 268, -o + 265 = 4*k. Calculate the highest common factor of f and k.
11
Let q be (-26)/3 - 2/6. Let k = 15 + q. Suppose -2*f - k = -3*f. What is the highest common divisor of 30 and f?
6
Let l = 256 - 56. Suppose -3*d - 2*d + l = 0. Let o be d - (-1)/(-2)*4. Calculate the greatest common factor of 95 and o.
19
Let j = -72 - -140. Calculate the greatest common divisor of j and 17.
17
Suppose -g + 2*q + 22 = 3*g, g - 10 = 5*q. What is the greatest